 401, 1283
What are the prime factors of 778880?
2, 5, 1217
What are the prime factors of 640338?
2, 3, 19, 41, 137
What are the prime factors of 9348958?
2, 47, 271, 367
What are the prime factors of 9950938?
2, 31, 160499
What are the prime factors of 9356204?
2, 11, 13, 1487
What are the prime factors of 233714?
2, 13, 89, 101
List the prime factors of 283757.
43, 6599
What are the prime factors of 8837358?
2, 3, 1472893
List the prime factors of 119385.
3, 5, 7, 379
List the prime factors of 3552754.
2, 1193, 1489
What are the prime factors of 79669?
79669
What are the prime factors of 342696?
2, 3, 109, 131
What are the prime factors of 313730?
2, 5, 137, 229
What are the prime factors of 477260?
2, 5, 7, 487
What are the prime factors of 471058?
2, 7, 33647
List the prime factors of 9269487.
3, 1029943
What are the prime factors of 1348946?
2, 37, 18229
List the prime factors of 68672.
2, 29, 37
List the prime factors of 150619.
7, 21517
What are the prime factors of 638462?
2, 11, 29021
What are the prime factors of 1161044?
2, 29, 10009
What are the prime factors of 208008?
2, 3, 107
What are the prime factors of 16704317?
7, 47, 50773
List the prime factors of 5132878.
2, 17, 150967
List the prime factors of 5474479.
89, 61511
List the prime factors of 8999827.
31, 290317
What are the prime factors of 24073593?
3, 43, 59, 3163
List the prime factors of 347021.
17, 137, 149
List the prime factors of 1022261.
17, 60133
List the prime factors of 12154139.
31, 392069
List the prime factors of 12077596.
2, 457, 6607
What are the prime factors of 2291783?
13, 29, 6079
What are the prime factors of 27527131?
17, 1619243
What are the prime factors of 17233736?
2, 13, 165709
What are the prime factors of 1874818?
2, 11, 31, 2749
List the prime factors of 21209466.
2, 3, 1019, 3469
List the prime factors of 313136.
2, 19571
What are the prime factors of 4064013?
3, 131, 383
What are the prime factors of 1073713?
1073713
List the prime factors of 5693460.
2, 3, 5, 31, 3061
List the prime factors of 1019573.
43, 131, 181
What are the prime factors of 246448?
2, 73, 211
What are the prime factors of 1283236?
2, 53, 6053
What are the prime factors of 571447?
479, 1193
List the prime factors of 21958841.
61, 359981
What are the prime factors of 9556371?
3, 11, 83, 1163
What are the prime factors of 27830344?
2, 367, 9479
What are the prime factors of 615157?
263, 2339
List the prime factors of 68613.
3, 22871
What are the prime factors of 1243890?
2, 3, 5, 17, 271
What are the prime factors of 1350873?
3, 150097
List the prime factors of 481604.
2, 120401
What are the prime factors of 4069073?
4069073
List the prime factors of 3522681.
3, 137, 2857
What are the prime factors of 35462797?
19, 103, 18121
What are the prime factors of 361879?
7, 17, 3041
List the prime factors of 7476378.
2, 3, 7, 13, 13693
List the prime factors of 1475226.
2, 3, 17, 1607
List the prime factors of 161122.
2, 13, 6197
List the prime factors of 312110.
2, 5, 23, 59
What are the prime factors of 21524?
2, 5381
What are the prime factors of 32840?
2, 5, 821
List the prime factors of 129394.
2, 31, 2087
What are the prime factors of 182209?
182209
What are the prime factors of 106441?
106441
What are the prime factors of 1128195?
3, 5, 61, 137
List the prime factors of 370490.
2, 5, 37049
List the prime factors of 247917.
3, 23, 3593
What are the prime factors of 29675937?
3, 227, 43577
List the prime factors of 350502.
2, 3, 58417
List the prime factors of 13616415.
3, 5, 302587
What are the prime factors of 38671?
38671
List the prime factors of 31628435.
5, 43, 157, 937
List the prime factors of 361735.
5, 11, 6577
What are the prime factors of 87891?
3, 29297
List the prime factors of 218770.
2, 5, 131, 167
What are the prime factors of 2782125?
3, 5, 2473
List the prime factors of 3288229.
7, 469747
What are the prime factors of 776130?
2, 3, 5, 41, 631
What are the prime factors of 3044146?
2, 7, 217439
What are the prime factors of 14508569?
751, 19319
List the prime factors of 512654.
2, 137, 1871
What are the prime factors of 26232?
2, 3, 1093
List the prime factors of 27061315.
5, 5412263
What are the prime factors of 1130656?
2, 89, 397
What are the prime factors of 648924?
2, 3, 17, 3181
What are the prime factors of 370157?
139, 2663
What are the prime factors of 19406334?
2, 3, 19, 170231
What are the prime factors of 21446808?
2, 3, 167, 5351
List the prime factors of 23825.
5, 953
What are the prime factors of 63941?
43, 1487
What are the prime factors of 3399589?
3399589
What are the prime factors of 4898344?
2, 11, 55663
List the prime factors of 280023.
3, 31, 3011
List the prime factors of 345467.
79, 4373
List the prime factors of 18022465.
5, 17, 212029
What are the prime factors of 7113281?
7, 179, 811
What are the prime factors of 19173769?
19173769
What are the prime factors of 25986185?
5, 797, 6521
What are the prime factors of 14777531?
397, 37223
What are the prime factors of 289102?
2, 11, 17, 773
What are the prime factors of 13154045?
5, 23, 107, 1069
List the prime factors of 200807.
200807
What are the prime factors of 8162847?
3, 7, 11, 11779
What are the prime factors of 22720?
2, 5, 71
List the prime factors of 2668284.
2, 3, 19, 47, 83
List the prime factors of 975043.
31, 71, 443
What are the prime factors of 1238282?
2, 41, 15101
List the prime factors of 3377069.
3377069
List the prime factors of 12217956.
2, 3, 59, 17257
List the prime factors of 549348.
2, 3, 45779
What are the prime factors of 2802427?
97, 167, 173
List the prime factors of 91001.
17, 53, 101
List the prime factors of 1276276.
2, 319069
What are the prime factors of 93881?
269, 349
What are the prime factors of 10396545?
3, 5, 693103
List the prime factors of 14096584.
2, 1762073
What are the prime factors of 1244959?
59, 21101
What are the prime factors of 73264?
2, 19, 241
List the prime factors of 1274724.
2, 3, 11, 29, 37
What are the prime factors of 239595?
3, 5, 15973
List the prime factors of 44255.
5, 53, 167
What are the prime factors of 1322904?
2, 3, 11, 5011
What are the prime factors of 979442?
2, 79, 6199
What are the prime factors of 454098?
2, 3, 75683
List the prime factors of 192326.
2, 23, 37, 113
What are the prime factors of 1109145?
3, 5, 73943
What are the prime factors of 588816?
2, 3, 29, 47
What are the prime factors of 444417?
3, 148139
List the prime factors of 203352.
2, 3, 37, 229
List the prime factors of 500117.
349, 1433
What are the prime factors of 336952?
2, 7, 11, 547
What are the prime factors of 11860970?
2, 5, 11, 107827
What are the prime factors of 1712528?
2, 107033
What are the prime factors of 673530?
2, 3, 5, 11, 13, 157
What are the prime factors of 7900354?
2, 7, 11, 29, 61
List the prime factors of 3253251.
3, 43, 25219
List the prime factors of 73798.
2, 36899
What are the prime factors of 22991465?
5, 7, 199, 3301
What are the prime factors of 5147197?
11, 467927
List the prime factors of 1664934.
2, 3, 61, 4549
What are the prime factors of 55337?
55337
What are the prime factors of 388025?
5, 11, 17, 83
What are the prime factors of 143680?
2, 5, 449
What are the prime factors of 179778?
2, 3, 19, 83
What are the prime factors of 4350957?
3, 13, 29, 3847
List the prime factors of 192614.
2, 193, 499
What are the prime factors of 3002973?
3, 419, 2389
List the prime factors of 21734555.
5, 4346911
List the prime factors of 381204.
2, 3, 10589
What are the prime factors of 239531?
239531
What are the prime factors of 684515?
5, 13, 10531
What are the prime factors of 13730690?
2, 5, 71, 83, 233
List the prime factors of 282532.
2, 23, 37, 83
What are the prime factors of 17052091?
7, 173, 14081
What are the prime factors of 68940?
2, 3, 5, 383
What are the prime factors of 413193?
3, 11, 19, 659
List the prime factors of 5987613.
3, 23, 107, 811
What are the prime factors of 713725?
5, 28549
What are the prime factors of 11408210?
2, 5, 11, 37, 2803
List the prime factors of 1856279.
101, 18379
What are the prime factors of 578845?
5, 115769
List the prime factors of 23627574.
2, 3, 151, 8693
What are the prime factors of 693673?
47, 14759
List the prime factors of 4393540.
2, 5, 219677
List the prime facto